h and 115?
23
Suppose -a - 103 = 5*l - 4*a, -2*a + 42 = -2*l. Let n = 40 + l. Suppose 324 = -2*b + 7*b - 76. Calculate the greatest common divisor of n and b.
20
Let u(m) = m**2 + 14*m + 49. Let f be u(-9). Suppose f*j = -12, 5*h - 5*j + 23 = 248. What is the highest common divisor of 24 and h?
6
Let z(f) = -7*f - 26. Let s be z(-4). Calculate the highest common divisor of s and 331.
1
Let o(b) = -168*b - 280. Let f be o(-2). What is the highest common factor of 1554 and f?
14
Suppose 8*d - 5*r + 2650 = 13*d, -4*r = -12. Let c = 537 - d. Calculate the highest common factor of 95 and c.
5
Suppose 0 = 30*a - 9*a - 693. Suppose 0 = 4*y - 27 - a. Let p = 115 - -5. What is the highest common divisor of p and y?
15
Suppose 33*l - 2506 = 68. Suppose -2*a = -l - 102. Calculate the highest common factor of a and 50.
10
Let j = 303 - 293. Let o be j + 20 + 1 + 6. What is the greatest common factor of 259 and o?
37
Let n(t) = 30*t - 44. Let m be n(2). Suppose 0 = -20*o + 8 + 232. What is the greatest common divisor of o and m?
4
Let f = -255 - -252. Let a be ((-38)/(-6) - 6) + (-44)/f. What is the highest common divisor of a and 345?
15
Let d = -1144 - -1156. Let i(u) = -8*u**3 + u**2 + 9*u + 6. Let a be i(-3). What is the greatest common factor of d and a?
12
Suppose 5 = -2*k - 3*v, -35 = -3*k + v + 3*v. Suppose -3*x - 238 = -5*x + 5*t, 3*x - 357 = -k*t. Calculate the greatest common factor of x and 17.
17
Let r be ((-48)/200*5)/(6/40). Let p be (r/(-36)*-6)/((-4)/78). Calculate the highest common divisor of 52 and p.
26
Let b(z) = -20*z**3 - z**2 + 1. Let i be b(-1). Let w = 2 + 2. Suppose 2*s - 74 = -4*o, 2*o = -w*s + 9 + 19. What is the greatest common divisor of o and i?
20
Let h be -93*(2 - 1 - 2). Let v be 3/(-6)*-10 - (-42 - (11 - 27)). What is the greatest common divisor of v and h?
31
Suppose -t - q = -53, -148*q + 143*q + 173 = 3*t. What is the highest common divisor of 90 and t?
2
Let r(l) = -l**3 + 13*l**2 - 12*l + 2. Let o be r(12). Suppose -14*w + 1763 = -9*w + o*i, -w = i - 355. Calculate the highest common divisor of 135 and w.
27
Suppose 369 - 99 = 5*o + 3*f, 0 = -4*o + 5*f + 216. Suppose -699 = -4*n + i, -4*i - 914 + o = -5*n. What is the highest common factor of n and 11?
11
Let x(s) = s**3 - 20*s**2 + 95*s - 1942. Let o be x(21). What is the highest common factor of o and 2166?
38
Suppose 4*y - 6*d - 5 = -9*d, 0 = -5*y - 4*d + 6. Suppose -2*j - 585 = -y*q + 433, -2 = -2*j. Calculate the greatest common divisor of 17 and q.
17
Let g be 576/90 + 84/(-35) + 444*1. What is the greatest common factor of g and 840?
56
Let f(l) = 26*l**3 + 143*l**2 - 25*l - 23. Let u be f(8). What is the greatest common factor of u and 46?
23
Let f = 10 - 8. Let w(t) = 9*t - 227. Let x be w(37). What is the greatest common factor of x and f?
2
Suppose -139 = 6*z + 251. Let c(s) = -s**2 - s + 8. Let r be c(7). Let v = r - z. Calculate the greatest common factor of 136 and v.
17
Let j be 15*(3 - (-20)/(-6)). Let r be (6 + (j - -10 - 7))*1. Calculate the greatest common divisor of r and 36.
4
Suppose -4 - 11 = -5*w. Suppose 3*m + 23 = f + 7*m, -4*m = -w*f + 37. What is the highest common divisor of f and 135?
15
Suppose -3*h + 1560*x - 1556*x + 46198 = 0, -h + 4*x = -15418. What is the highest common factor of 190 and h?
190
Let o be 8 - 12/10*5. Suppose 32 = o*v - 3*h, v - h - 14 = -0*h. Calculate the highest common divisor of v and 60.
10
Suppose 0 = 5*d - 4*d - 2*q - 171, -4*d = 4*q - 696. Suppose 5*z - d = 157. Calculate the greatest common divisor of 264 and z.
66
Suppose 0 = -3*u - 471 + 2442. Let l(a) = 719*a + 2949. Let f be l(-4). Calculate the greatest common factor of f and u.
73
Let y(z) = 52*z + 22 - 77*z + 51*z. Let q be y(3). Calculate the greatest common factor of 80 and q.
20
Let a(k) = -k**3 - 18*k**2 + 446*k - 42. Let f be a(-32). Calculate the highest common factor of f and 4246.
22
Let u = -8118 - -8141. Calculate the greatest common factor of 5129 and u.
23
Let v(o) = 19*o**3 - 15*o**2 + 39*o + 96. Let m be v(10). Calculate the highest common factor of m and 34.
34
Suppose -4*k = -4*z + 568, -4*k + 9*k = 10. Suppose -14*g + z + 976 = 0. What is the highest common factor of 48 and g?
16
Let r(b) = -54*b + 33. Let y be r(-6). Let j = -2583 + 2646. Calculate the highest common factor of j and y.
21
Let q(w) = w**2 - 2*w - 10. Let j(m) = -m. Let n(b) = -6*j(b) - q(b). Let r be n(10). Let p be r/((-4 - -2)/4). What is the highest common factor of 140 and p?
20
Suppose -15 = -6*x + 3. Let s be (-2)/(-6) - x/9. Let t be (-46)/(-2) + 3 + s. Calculate the highest common divisor of 65 and t.
13
Suppose w - 2 = p, -23*w + 20*w + 6 = 4*p. Suppose 5*v - 8 = 17, p = -5*m + 3*v + 2130. What is the greatest common divisor of 26 and m?
13
Suppose -10*i - 890 + 40 = 0. Let j = -79 - i. Calculate the greatest common divisor of j and 9.
3
Suppose 38*t = -5*v + 34*t + 1478, -t + 1178 = 4*v. Calculate the greatest common divisor of 3066 and v.
42
Let u be (10/8)/(5/10)*6. Let k be (27/u)/((-6)/(-150)). Calculate the greatest common factor of k and 45.
45
Let w = 3560 + -2227. What is the greatest common divisor of w and 93?
31
Let s = -23729 - -25332. Calculate the highest common factor of 35 and s.
7
Let f(y) = -31*y**3 - 7*y**2 - 45*y + 5. Let z be f(-7). Calculate the highest common factor of 10 and z.
10
Let i(j) = -29*j + 911. Let z be i(-25). Calculate the greatest common factor of 4 and z.
4
Let c(s) = -s**3 - 31*s**2 + 26*s - 176. Let a be c(-32). Suppose -23*q = -a*q - 252. Calculate the highest common factor of 306 and q.
18
Let d = 547 - 518. Suppose 0 = -32*v + d*v + 1455. Calculate the highest common divisor of v and 194.
97
Let u = -3309 + 3369. What is the highest common factor of 140 and u?
20
Let n(t) = -t**3 - 9*t**2 - 4*t. Let u be n(-8). Let b be (-3)/(-7) - u/7. Let v be ((-28)/b)/(10/(-25)). Calculate the greatest common divisor of 98 and v.
14
Let o(c) = -c + 8. Let f(u) = -u + 1. Let g(l) = 5*f(l) - o(l). Let a be g(-11). Let t = -2200 + 2487. What is the greatest common factor of t and a?
41
Suppose 172*x - 186*x + 1680 = 0. Suppose -f + 998 = 4*f - 2*j, 0 = -3*f + 5*j + 595. What is the highest common factor of f and x?
40
Let o(t) = 7*t**2 + 190*t + 788. Let k be o(-4). Calculate the greatest common divisor of 1358 and k.
14
Let q be (-2560)/(-14 - -4)*2/4. Let m be -1 + 1 + 16/(q/2664). What is the greatest common divisor of m and 74?
37
Let v be 2 + 0 + 7 + 1*-10 - -2971. What is the greatest common divisor of 432 and v?
54
Suppose 0 = 3*f - 6, -4*f + 50 - 210 = -3*i. Suppose -4*j = -5*o + 2*o - i, -4*j + 40 = o. Suppose 50 = h - 27. What is the greatest common divisor of h and j?
11
Let d = 15 + 3. Let q = 1289 + -344. Suppose d*a + 3*a - q = 0. What is the greatest common factor of a and 315?
45
Suppose -27403 = 57*m - 29512. What is the highest common divisor of 4736 and m?
37
Suppose -2*t + 342 - 317 = 3*u, -3*u = 3*t - 36. Calculate the highest common divisor of t and 5137.
11
Suppose 0 = 2*u + 3*i + 4, -2*u + 13*i + 12 = 12*i. Let f be ((-31*u)/(-2))/(100/200). What is the greatest common divisor of f and 217?
31
Let x(h) = h**3 - 7*h**2 + 5*h + 7. Let a be x(6). Let b be (6 + -3 - 2) + a. Calculate the highest common divisor of 1 and b.
1
Suppose -4*j + 5*a + 36241 + 11306 = 0, a + 35674 = 3*j. What is the highest common factor of j and 7?
7
Let b = 98 + -91. Suppose -8*c = -b*c - 50. Calculate the greatest common divisor of 60 and c.
10
Suppose 754 = q - 746. Suppose -25*r + q = -13*r. What is the greatest common factor of 100 and r?
25
Suppose 3*l - 255 = -12*l. Let b(y) = y**3 - 18*y**2 + 17*y + 26. Let j be b(l). What is the greatest common divisor of 286 and j?
26
Let q be (76/(-95))/((-1)/(-230)). Let b be (0/2 + -1)*(q + -2). Suppose 0 = b*l - 184*l - 34. Calculate the greatest common factor of 85 and l.
17
Suppose -26*l + 341 = 159. Let d = 7 - 4. Suppose -l*i + 340 = d*i. Calculate the greatest common divisor of 34 and i.
34
Let w(x) = -x**2 + 3*x. Suppose 11*i - 12*i - 5 = 0. Let k be w(i). Let o be (36/30)/((-6)/k). What is the greatest common divisor of 104 and o?
8
Let l = -20896 - -45640. Calculate the greatest common factor of l and 48.
24
Suppose 6*l - 389 = 259. Let x = 28 - 16. Calculate the highest co